) = m**3 - 11*m**2 + 12*m - 12. Let w be y(10). Suppose -s = -w - 5. What is the remainder when s is divided by 8?
5
Let v(z) = 3*z - 3. Let y(j) = 5*j - 2. Suppose 2*l - 17 = -5. Calculate the remainder when y(l) is divided by v(6).
13
Let w(i) = i**2 + i + 4. Calculate the remainder when 19 is divided by w(-3).
9
Suppose 0*l = 4*l - 52. Calculate the remainder when 51 is divided by l.
12
Let j(d) = 3*d**2 + 2 - 2*d - 2*d + 3*d**2. Let b be j(2). Let m = b - 13. What is the remainder when m is divided by 2?
1
Let z = 18 + -14. What is the remainder when 9/2 - (-3)/6 is divided by z?
1
Let o = -10 - -10. Suppose o = 2*r - 4*n - 18, 0 = -3*r - 5*n + 37 + 12. Calculate the remainder when 36 is divided by r.
10
Suppose -5*l = -7 - 63. Let w(y) = 2*y**3 + 4*y**2 - 3*y + 1. Let a be 28/21 - 2/(-3). Calculate the remainder when w(a) is divided by l.
13
Suppose 5*p = 207 + 788. Suppose 5*l - 2*m = p, 5*m = -2*l - 0*m + 97. Calculate the remainder when l is divided by 14.
13
Suppose -3 + 32 = z. Suppose 4*f - 71 = z. Suppose -2*u + o + 32 = 3*o, -o - 62 = -5*u. Calculate the remainder when f is divided by u.
12
Let x(p) = p**3 - 3*p**2 - 4*p + 2. Let f be x(3). Let q(u) = -u**3 - 10*u**2 - 3*u - 8. Calculate the remainder when 64 is divided by q(f).
20
Suppose -2*n = 4*o - 196, o + 3*n - 31 = 28. Calculate the remainder when o is divided by 25.
22
Let l(n) = n**3 + 10*n**2 - 11*n + 9. Let a be l(-12). Let y = -64 - a. Calculate the remainder when y is divided by 28.
27
Let h(m) = 4*m**2 + 76*m + 5. Suppose 0 = -5*q - 3*r + 68, 5*q + r + 3*r = 64. What is the remainder when q is divided by h(-19)?
1
Suppose 0 = -0*q - 5*q + 15. Let k(x) = 6*x + x**2 + 1 - q + 5 + 2. Calculate the remainder when 18 is divided by k(-6).
3
Let q(u) = -3 + 5 + 0 - 1 + 17*u**2. Calculate the remainder when 70 is divided by q(-1).
16
Suppose i - 25 = -4*i. Calculate the remainder when 18 is divided by i.
3
Let z be 26/10 - (-10)/25. Let m = 1 + z. Suppose 5*g - 26 = 2*o + 155, -m*g + 152 = -4*o. Calculate the remainder when g is divided by 12.
11
Let o(p) = -p**2 + 13*p - 17. Calculate the remainder when 96 is divided by o(7).
21
Let j(z) = z - 4. Suppose 5*k - 25 = m, 5*k + 4*m - 7*m = 25. What is the remainder when 1 is divided by j(k)?
0
Let l(q) = -q**3 - 3*q**2 + 6*q + 5. Let o be l(-4). Calculate the remainder when o*(-4)/(-4) + 55 is divided by 18.
16
Let f(w) = -w**3 - 2*w**2 - 2*w + 4. Calculate the remainder when 94 is divided by f(-3).
18
Suppose 6*n - 8 - 40 = 0. What is the remainder when n is divided by 5?
3
Let v(p) = p**2 - p - 64. Let m = -5 - -9. Suppose m*u - 2 = 10. What is the remainder when v(-8) is divided by u?
2
Let h(y) = -5*y**2 - 3*y - 8. Let l(o) = -4*o**2 - 4*o - 8. Let m(a) = 3*h(a) - 4*l(a). What is the remainder when 5 is divided by m(-6)?
1
Let m(j) = -j**3 + 3*j - 4. What is the remainder when 3*(2 + 15) + 3 is divided by m(-3)?
12
Let r(m) = -m**2 + 13*m - 10. What is the remainder when 21 is divided by r(11)?
9
Suppose 0 = t - 2*t + 40. Let o = t - 12. Calculate the remainder when o is divided by 19/2 + (-2)/(-4).
8
Suppose -3*q - 17 + 5 = 0, 3*o + 4*q - 95 = 0. What is the remainder when o is divided by 13?
11
Suppose -3*o - 28 = -5*g, -g + 4 = -5*o + 4*o. Suppose -4*q + 58 = -2*s + 4*s, -s + 3*q + 9 = 0. What is the remainder when s is divided by g?
5
Suppose 4*l + 3 + 0 = -5*m, -3*m = -3. Let j = -51 + 74. What is the remainder when j is divided by ((-6)/4)/(l/16)?
11
Suppose -r = -0*r - 2, 5*m + r - 572 = 0. What is the remainder when m is divided by 29?
27
Suppose -4*d - 34 = w - 2*w, -d = w + 6. Let t be 6/(-9) - (-76)/6. Let i = t + d. What is the remainder when 10 is divided by i?
2
Let r(h) = -h**3 - 10*h**2 - h - 8. Let q = -4 + -6. Calculate the remainder when 3 is divided by r(q).
1
Let n be (2/(-3))/((-6)/27). Suppose -2*m + 435 = n*m. Suppose 5*c = -5*h + 24 + 81, -5*c + h = -m. What is the remainder when 52 is divided by c?
16
Let z = -1 + 4. Calculate the remainder when 4 is divided by 2/9*z*3.
0
Let c = 1 + 10. Calculate the remainder when 43 is divided by c.
10
Suppose 0 = 3*v + 6, 7*t - 172 = 2*t - 4*v. Let d be 1/((-6)/(-8) - 1). What is the remainder when t is divided by 17 + (4 - d/(-2))?
17
Suppose -4*f = -16, -q + 24 = -3*q + 4*f. Let v(u) = -3*u**3 - u - 3*u**2 - 1 - u**3 + 3*u**3. Calculate the remainder when 55 is divided by v(q).
17
Suppose -4*l - 4*j + 19 = -25, 2*l - 3*j - 47 = 0. Calculate the remainder when 61 is divided by l.
13
Suppose 5*t + 16 - 1 = 0. Let q(f) = -f**3 - 3*f**2 - 4*f - 6. What is the remainder when 10 is divided by q(t)?
4
Suppose 4*s = -2*h + 34, -5*s - 106 = -4*h - 12. What is the remainder when h is divided by 5?
1
Let n = -2 - -19. Suppose -98 = -4*z + 2*t, -2*z + 5*t = -21 - 32. What is the remainder when (12/(-9))/((-1)/z) is divided by n?
15
What is the remainder when 2/6*(-82)/(-3)*9 is divided by 28?
26
Let y(j) = -j + 13. What is the remainder when y(2) is divided by 4?
3
Let n = 324 - 217. Suppose -4*g + 37 = -n. Let v = g + -22. What is the remainder when 26 is divided by v?
12
Suppose 2*t - 7 - 5 = 0. Let j(q) = -q**2 + q + 1. Let s(r) = -5*r**2 + 12*r + 10. Let g(x) = 6*j(x) - s(x). What is the remainder when t is divided by g(-4)?
2
Let j = -13 + 31. What is the remainder when 35 is divided by j?
17
Let v be (-3 + -1)*5/(-10). Suppose -4*t + 67 - 7 = 2*j, -v*j - t = -72. Suppose -20 = -4*d + 60. What is the remainder when j is divided by d?
18
Let m = 46 + -27. Let o = 23 + -12. What is the remainder when m is divided by o?
8
Suppose -t + 0*t + 6 = 0. Suppose 0 = p + 2 - t. Calculate the remainder when (-1)/2 - (-82)/p is divided by 11.
9
Let t(a) = a**2 - 2*a + 6. What is the remainder when 57 is divided by t(6)?
27
Let m(x) = -x**3 - 8*x**2 - 10*x + 1. What is the remainder when m(-7) is divided by 12?
10
Let g(m) = 16*m**2 - 4 + 3 - 2*m + 0*m. Let i be g(-1). Suppose -2*t + 5 = -i. Calculate the remainder when t is divided by 4.
3
Let l(m) = 3*m**2 - 5*m - 8. What is the remainder when 418 is divided by l(6)?
68
Let l(u) = 3*u**2 + 6*u + 3. Suppose 2*d - 74 = -3*m - 2*d, -4*m + 4*d = -108. Let t = 105 - m. Calculate the remainder when t is divided by l(-4).
25
What is the remainder when (-565)/(-10) + 2/4 is divided by 10?
7
Let a(i) = i**3 + 5*i**2 - 6*i. Let m be a(-6). Suppose m = -4*w - 24 - 0. What is the remainder when 31 is divided by (9/w)/((-6)/64)?
15
Suppose -h + 0*h - 90 = -v, 188 = 2*v - 4*h. Let w = 1 - -21. What is the remainder when v is divided by w?
20
Suppose g = -h + 9, 0 = h - 3*g + 11. Suppose -3*p + 4*p - h = 0. Let o = 4 - 2. What is the remainder when p is divided by o?
0
Suppose 0*q = q + 2. Calculate the remainder when 8 is divided by q/(6/(-9)) + 0.
2
Suppose 5*u + 16 - 61 = 0. Calculate the remainder when u is divided by 6.
3
Suppose 3*l - 3*x + x = 339, -2*l + 225 = -x. What is the remainder when l is divided by 16?
15
Suppose -2*k = 2*k - 68. Let w = 29 - k. What is the remainder when w is divided by 5?
2
Suppose 16 = -2*v - 4*j, 0 = -v + 3*v + 3*j + 11. Suppose 0*z + 6 = 3*z + 3*o, o = -4*z + 11. What is the remainder when z is divided by v?
1
Suppose -50 = 2*s + 2*o, 2*s + 4*o + 58 - 8 = 0. Let y = 38 + s. What is the remainder when 36 is divided by y?
10
Suppose -3*k + 84 = 5*a - 7*k, -4*a + 92 = 3*k. Let g(q) = -q**3 + 7*q**2 + 3*q - 6. Calculate the remainder when g(5) is divided by a.
19
Let g(r) = r - 6. Let z be g(7). Let c(j) = 50*j - 1. Let a be c(z). Suppose -4*q = -3*q - a. What is the remainder when q is divided by 17?
15
Let l(c) = c**3 - 20*c**2 - 45*c + 51. Calculate the remainder when l(22) is divided by ((-3)/(-2))/((-3)/(-20)).
9
Let x(u) = 11*u - 4. Let z(k) = -10*k + 4. Let a(f) = 4*x(f) + 5*z(f). Let s be a(4). Let n = s - -29. Calculate the remainder when 17 is divided by n.
8
Let o(b) = b**2 + 3*b + 6. Let s be o(-4). Suppose s = d - 1. Calculate the remainder when 31 is divided by d.
9
What is the remainder when (172/(-10))/((-32)/80) is divided by 15?
13
Let y = 2 - 2. Suppose 2*c - 3*u + y*u = 71, 3*c = u + 96. Calculate the remainder when c is divided by (2/1)/(2/11).
9
Suppose -9*n + 137 = -151. Calculate the remainder when 56 is divided by n.
24
Suppose -2*a - 2*u = -44, -10 = 4*a - 3*u - 133. Calculate t